NOAA-Style Climate Reports


Report for 2003 February
                  MONTHLY CLIMATOLOGICAL SUMMARY FOR 2/2003
                                        HEAT  COOL        
     MEAN                               DEG   DEG       WIND SPEED       DOM MEAN  MEAN
DAY  TEMP  HIGH   TIME     LOW   TIME   DAYS  DAYS RAIN AVG  HI  TIME    DIR BAROM HUM
---------------------------------------------------------------------------------------
1    30.5  34.4   2:06pm  27.3   6:43am   33    0  0.00   0  16  10:41am   S 29.83   78
2    30.1  34.2   1:40pm  28.2   8:44pm   34    0  0.00   0  13   2:47pm NNE 29.87   87
3    27.6  30.6  11:33am  23.9  10:10pm   37    0  0.00   0  16   1:12pm NNE 29.56   92
4    13.6  26.6   1:42am  -6.0  11:52pm   51    0  0.00   5  31   6:38am  NW 29.70   57
5     3.2  18.7   1:47pm -11.0   4:01am   61    0  0.00   1  17   1:54pm   S 30.09   46
6    10.0  23.2   1:23pm  -3.8  11:58pm   54    0  0.00   0  16  11:18am  NW 30.16   57
7    -5.2  10.1  11:49pm -20.0   7:13am   49    0  0.00   1  20   7:31pm  SW 30.04   49
8    14.3  27.3   1:17pm   0.9  11:59pm   50    0  0.00   2  21   2:26pm WNW 29.74   32
9     2.3  14.7   2:02pm -16.9   7:29am   62    0  0.00   2  25   1:03pm  SW 29.81   45
10    1.2  10.4   1:12pm -16.0  10:42pm   63    0  0.00   1  27  12:34pm NNE 29.79   44
11    2.6  18.2   1:31pm -15.5  12:22am   62    0  0.00   2  28   4:01pm WNW 29.60   45
12   -0.9  10.4   1:35pm -14.1  11:38pm   65    0  0.00   1  24   2:42pm WNW 29.91   47
13    1.2  21.8   1:44pm -17.8   7:09am   63    0  0.00   1  23  12:18pm  NW 30.01   43
14   13.1  23.0   1:42pm   3.2  11:49pm   51    0  0.00   0  15  12:07pm NNE 30.12   40
15    4.2  14.0   1:33pm  -4.7  11:51pm   60    0  0.00   0  17  12:17pm NNE 30.48   13
16    4.8  24.3   1:46pm -10.8   7:23am   59    0  0.00   0  17   2:54pm NNE 30.46   27
17   12.2  34.0   1:45pm  -7.0   6:42am   52    0  0.00   1  23   1:51pm SSW 30.11   60
18   26.4  36.7   2:54pm  17.1  12:00am   38    0  0.00   3  25  11:07pm   S 29.79   78
19   23.7  36.9   1:18pm  12.0   7:07am   41    0  0.00   3  26  12:36am   W 29.99   55
20   31.3  47.1   1:39pm  19.4   1:57am   33    0  0.00   2  23   2:04pm   S 29.92   70
21   29.5  42.3  12:41pm  19.2  11:56pm   34    0  0.00   0  11  10:56am NNE 29.83   81
22   15.6  21.6   1:19pm   5.7  11:56pm   47    0  0.00   2  17   2:37pm   N 29.83   60
23   10.1  21.2   1:41pm   2.1   6:17am   54    0  0.00   2  21  10:32am  NW 29.97   48
24    6.8  16.7   1:58pm  -7.9  11:56pm   58    0  0.00   1  24   1:23pm WNW 30.17   43
25   -0.7  17.8   1:27pm -18.0   7:00am   65    0  0.00   1  18   1:40pm   S 30.32   40
26    4.8  26.8   1:28pm -16.8   6:03am   60    0  0.00   2  20  11:48am   S 30.08   43
27   16.0  37.4   1:28pm  -3.3   4:17am   48    0  0.00   1  16  11:15am   S 30.01   51
28   27.8  44.1   1:24pm  14.9   6:42am   36    0  0.04   1  17   1:28pm   S 30.00   59
---------------------------------------------------------------------------------------
TOT  12.9  47.1  2/20/03 -20.0   2/7/03 1419    0  0.04   1  31   2/4/03   E 29.97   53

HEAT BASE: 65.0
COOL BASE: 65.0