NOAA-Style Climate Reports


Report for 2002 December
                  MONTHLY CLIMATOLOGICAL SUMMARY FOR 12/2002
                                        HEAT  COOL        
     MEAN                               DEG   DEG       WIND SPEED       DOM MEAN  MEAN
DAY  TEMP  HIGH   TIME     LOW   TIME   DAYS  DAYS RAIN AVG  HI  TIME    DIR BAROM HUM
---------------------------------------------------------------------------------------
1    19.0  24.6   2:10pm  12.9  12:00am   45    0  0.00   0  15   7:46am   S 29.76   63
2     7.2  14.6  12:03am   5.4  11:09pm   10    0  0.00   0   0  12:00am   N 30.33    4
3    10.9  21.8   2:03pm   2.9   6:37am   53    0  0.00   0  16  12:50pm WNW 30.49   32
4    16.0  24.8   1:03pm   8.4   3:54am   48    0  0.00   0  16  12:16pm  SW 30.38   58
5    18.6  23.9   1:16pm  12.6  12:17am   46    0  0.00   1  17  10:08am  SW 30.08   58
6    20.1  25.9   2:09pm  13.3   7:49am   43    0  0.00   2  21   2:29pm  SW 29.88   58
7    24.9  34.2  12:15pm  14.4  10:43pm   25    0  0.00   1  22   7:25am WNW 29.78   65
8    12.6  19.2   2:23pm   1.8  10:15pm   51    0  0.00   0  23   9:09am  NW 30.32   50
9    16.3  29.3   2:22pm  -0.0   1:05am   47    0  0.00   2  27   1:28pm   S 30.16   47
10   25.6  41.0   2:24pm  14.6   7:13am   37    0  0.00   0  16   1:55pm   S 29.99   67
11   27.9  42.1   2:03pm  20.0   6:47am   28    0  0.00   1  21  12:33pm   S 29.93   75
12   31.4  33.8  12:01pm  23.4  12:38am   28    0  0.00   0  13   8:55am SSW 29.95   85
13   32.1  32.6  12:22am  30.9  10:42pm   28    0  0.00   0  13   7:22am  NW 29.95   84
14   33.0  38.9   3:01pm  27.3  11:15pm   31    0  0.00   1  20   9:16am   S 29.75   75
15   31.0  32.7   9:30pm  30.7   9:30pm   30    0  0.00   0  30   9:30pm   S 29.80    0
16   20.4  25.0  12:22am  15.8  10:42pm   28    0  0.00   0  17   7:22am  NW 29.95   84
17   28.6  33.1   3:01pm  24.1  11:15pm   31    0  0.00   1  12   9:16am   S 29.75   75
18   37.5  45.0   9:30pm  30.0   9:30pm   30    0  0.44   0  25   9:30pm   S 29.80    0
19   32.4  32.7   9:30pm  32.0  11:20pm   30    0  0.00   0   8  11:30pm   N 29.35   84
20   31.0  30.7  12:27am  27.7  12:27am   30    0  0.00   0  20  12:27am   N  0.00    0
21   26.8  31.7  12:14pm  23.2   6:11am   34    0  0.00   3  25  11:27am   W 29.45   61
22   25.4  27.2  12:31am  23.9  10:38pm   39    0  0.00   5  23   2:03pm   W 29.62   60
23   20.6  23.9  12:00am  13.8  11:50pm   44    0  0.00   3  25   2:20am WNW 29.88   55
24   19.9  25.9   2:12pm  10.6   2:09am   44    0  0.00   0  13  10:00pm  NE 29.98   71
25   25.2  29.1   1:06pm  22.1  10:00pm   36    0  0.00   0  18  10:55am WNW 29.91   78
26   22.8  33.5   2:22pm  12.9   8:07am   26    0  0.00   0  13   1:07am   S 30.07   67
27   25.4  36.7   2:11pm  15.1   7:28am   38    0  0.00   2  20  12:21pm   S 29.98   70
28   29.0  38.3   2:26pm  20.7  11:52pm   35    0  0.00   0  15  12:24am WSW 29.83   73
29   26.9  34.9   2:51pm  18.2   3:26am   37    0  0.00   0  11   2:56pm  NE 29.96   80
30   34.3  38.5   2:32pm  28.6  11:54pm   30    0  0.00   1  25   5:32pm   W 29.58   90
31   20.3  28.6  12:00am  11.5   9:53pm   44    0  0.00   2  23  12:34am WNW 29.91   53
---------------------------------------------------------------------------------------
TOT  23.7  42.1 12/11/02  -0.0  12/9/02  930    0  0.00   1  27  12/9/02 WNW 29.92   66

HEAT BASE: 65.0
COOL BASE: 65.0