NOAA-Style Climate Reports


Report for 2002 November
                  MONTHLY CLIMATOLOGICAL SUMMARY FOR 11/2002
                                        HEAT  COOL        
     MEAN                               DEG   DEG       WIND SPEED       DOM MEAN  MEAN
DAY  TEMP  HIGH   TIME     LOW   TIME   DAYS  DAYS RAIN AVG  HI  TIME    DIR BAROM HUM
---------------------------------------------------------------------------------------
1    30.2  36.7   1:14pm  26.1   6:04am   22    0  0.00   2  20  12:16pm  NW 30.06   56
2    30.2  40.8  12:52pm  21.4  11:54pm    0    0  0.00   2  20  12:00am  NW 30.06   56
3    32.4  43.9   2:07pm  20.3   1:26am   31    0  0.00   1  23   2:27pm   S 29.90   66
4    33.9  41.0  12:10pm  25.2   9:47pm   30    0  0.00   1  21  12:39pm  NW 30.03   58
5    32.3  35.8   3:12pm  25.7  12:00am   32    0  0.12   0  11  11:37am SSW 29.84   89
6    32.5  39.2  11:10am  20.7  11:51pm   32    0  0.00   1  21  10:52am  NW 29.85   78
7    34.2  47.5   2:38pm  18.5   2:45am   30    0  0.00   2  24   1:19pm   S 29.75   70
8    37.7  42.3   9:24am  17.6   5:12am   14    0  0.00   0  13   4:34am   S 29.50   83
9    46.4  56.3   1:16pm  37.2  12:00am   17    0  0.00   1  17   1:18pm   S 29.38   84
10   45.1  50.4  12:00am  34.7  10:43pm   19    0  0.91   0  22   7:50am NNE 29.32   86
11   32.9  35.1   2:24pm  31.8   6:49am   31    0  0.00   1  17   3:37am  NW 29.89   69
12   33.4  41.0   2:26pm  27.0   4:48am   31    0  0.00   1  18  10:33am   S 30.04   70
13   31.2  38.7   2:16pm  21.4   6:47am   33    0  0.00   1  17  10:04am   S 29.90   70
14   30.7  34.7  12:00am  25.5  11:17pm   34    0  0.00   1  17   6:19am  NW 29.89   64
15   26.6  32.9  12:05pm  21.2   6:49am   36    0  0.00   0  15   8:52am NNE 30.18   61
16   25.8  34.2  11:58am  19.2  11:51pm   36    0  0.00   0  12   1:30pm   N 30.24   65
17   22.2  33.5   1:09pm  14.6   7:03am   42    0  0.00   0  15  11:00am NNE 30.04   65
18   27.5  38.1   2:02pm  14.2   3:04am   37    0  0.00   1  17  11:07am   S 29.95   68
19   32.5  46.6   2:01pm  24.1   4:56am   32    0  0.00   1  23   2:20pm WNW 29.83   75
20   31.9  43.5  12:55pm  24.3   1:14am   32    0  0.00   0  17   1:54pm WNW 29.91   82
21   33.5  38.3  11:27am  31.5   6:44am   28    0  0.00   1  17   1:13pm   N 29.89   78
22   30.3  35.4   1:04pm  27.2   8:01pm   26    0  0.00   1  20  11:16am  NW 29.99   61
23   34.0  39.6   2:28pm  28.2   1:40am   30    0  0.00   3  27   8:24pm WNW 29.77   63
24   29.4  33.5  12:00am  23.2  11:55pm   35    0  0.00   2  22   2:37am  NW 30.05   51
25   24.2  32.6  12:34pm  16.9  11:55pm   40    0  0.00   1  18  11:25am WNW 30.23   64
26   21.0  31.3   1:04pm  13.1  12:00am   43    0  0.00   0  15  12:58pm NNE 30.37   70
27   20.9  28.1   1:00pm  12.8  12:10am   43    0  0.00   0  16   2:24pm WSW 30.24   65
28   26.0  32.4  12:48pm  19.8   8:02am   38    0  0.00   2  20   1:54pm   S 29.86   64
29   38.2  47.7   1:35pm  28.6  11:56pm   26    0  0.00   4  30   9:45am   W 29.23   59
30   21.1  28.6  12:00am  12.8  11:47pm   42    0  0.00   2  28   1:23pm  NW 29.73   52
---------------------------------------------------------------------------------------
TOT  30.8  56.3  11/9/02  12.8 11/27/02  923    0  1.02   1  30 11/29/02 SSE 29.90   68

HEAT BASE: 65.0
COOL BASE: 65.0