NOAA-Style Climate Reports


Report for 2002 October
                  MONTHLY CLIMATOLOGICAL SUMMARY FOR 10/2002
                                        HEAT  COOL        
     MEAN                               DEG   DEG       WIND SPEED       DOM MEAN  MEAN
DAY  TEMP  HIGH   TIME     LOW   TIME   DAYS  DAYS RAIN AVG  HI  TIME    DIR BAROM HUM
---------------------------------------------------------------------------------------
1    66.8  81.5   2:16pm  58.1   5:19am    2    4  0.00   0  17   2:33pm SSE 29.81   79
2    53.4  58.5  12:00am  46.2  11:42pm   12    0  0.04   0  15   5:26am  NW 30.08   75
3    49.3  59.9   2:46pm  37.9   6:59am   16    0  0.00   0  17   1:20pm  SW 30.07   80
4    56.3  64.0  11:07am  47.1  11:41pm    9    0  2.01   3  28   6:14pm   S 29.48   92
5    47.3  57.2   2:14pm  40.3   7:17am   17    0  0.00   2  18  11:46am   N 30.00   70
6    48.2  56.7   1:58pm  37.8  11:49pm   16    0  0.67   3  28   8:07pm SSE 29.79   89
7    40.7  49.1   2:13pm  32.4   5:49am   23    0  0.00   1  17   1:44am WSW 30.10   68
8    47.0  55.1   4:57pm  40.3   1:37am   16    0  0.20   0  15  12:23pm SSE 30.00   93
9    45.5  56.3   3:52pm  35.1  11:56pm   19    0  0.00   0  18  11:53am NNE 30.10   80
10   44.9  56.1   3:52pm  32.7   3:12am   19    0  0.00   0  15  11:34am WSW 30.15   85
11   54.3  68.4   1:52pm  42.8   5:07am    9    1  0.00   1  25   4:33pm  SW 30.08   76
12   48.7  54.5  10:21am  42.5  11:56pm   16    0  0.20   0  17  10:39pm WNW 29.97   89
13   38.4  48.4   2:55pm  28.6  11:59pm   25    0  0.00   2  31   1:37pm  NW 30.19   60
14   38.8  55.8   1:54pm  23.7   6:40am   26    0  0.00   2  25   3:06pm   S 30.11   66
15   40.7  49.3   2:24pm  28.6  11:58pm   24    0  0.00   2  21  11:25am  NW 29.91   61
16   32.1  43.0   1:50pm  23.2   6:23am   22    0  0.00   0  21  10:16am WSW 30.03   60
17   34.3  45.3   1:14pm  28.8   1:58am   30    0  0.00   0  13  12:36pm SSE 29.92   60
18   34.4  38.5   6:38pm  28.8  12:40am   30    0  0.31   0  13   9:39am WSW 29.74   89
19   39.7  47.9  12:47pm  30.6  11:56pm   24    0  0.00   1  21  12:20am   N 29.83   77
20   33.7  37.4  10:32am  30.4  12:07am   14    0  0.00   1   6  10:42am   W 29.97   71
21   31.1  33.8   2:24pm  28.4  11:58pm   24    0  0.48   2  13  11:25am  NW 29.91   61
22   30.9  33.8   1:50pm  28.0   6:23am   22    0  0.24   0  21  10:16am WSW 30.03   60
23   28.4  35.6   1:14pm  21.2   1:58am   30    0  0.00   0  13  12:36pm SSE 29.92   60
24   33.5  39.0   6:38pm  28.0  12:40am   30    0  0.00   0  10   9:39am WSW 29.74   89
25   35.1  39.2  12:47pm  30.9  11:56pm   24    0  0.09   1  21  12:20am   N 29.83   77
26   38.6  42.6  11:42am  36.2   7:13am   23    0  0.08   0  20  12:08pm WNW 29.97   81
27   35.6  43.5  12:29pm  29.7   6:15am   29    0  0.00   1  17   9:30am WNW 30.17   66
28   34.0  44.8   2:26pm  27.2   6:58am   18    0  0.00   0  16  12:31pm  SW 30.19   70
29   34.5  43.7   2:28pm  27.0   1:40am   23    0  0.00   0  18  11:47am WSW 30.16   75
30   36.1  45.5  12:35pm  28.1   4:18am   25    0  0.00   0  16  11:27am NNE 30.15   79
---------------------------------------------------------------------------------------
TOT  43.3  81.5  10/1/02  23.2 10/16/02  486    5  3.50   1  31 10/13/02   W 30.00   75

HEAT BASE: 65.0
COOL BASE: 65.0