NOAA-Style Climate Reports


Report for 2002 September
                  MONTHLY CLIMATOLOGICAL SUMMARY FOR 9/2002
                                        HEAT  COOL        
     MEAN                               DEG   DEG       WIND SPEED       DOM MEAN  MEAN
DAY  TEMP  HIGH   TIME     LOW   TIME   DAYS  DAYS RAIN AVG  HI  TIME    DIR BAROM HUM
---------------------------------------------------------------------------------------
1    68.3  82.8   2:13pm  54.7   6:30am    3    6  0.00   2  23   2:48pm   S 30.05   77
2    69.7  78.6   4:07pm  63.1   5:53am    0    5  0.24   1  23   4:31pm SSE 29.74   86
3    66.2  77.7   2:00pm  57.6   6:38am    2    3  0.00   3  33  12:40pm WSW 29.87   65
4    64.1  79.3   2:11pm  51.1   6:30am    4    4  0.00   1  21  11:48am   W 30.14   72
5    60.8  66.7   5:38pm  53.1   3:48am    4    0  0.12   0  16   6:45pm WSW 30.18   93
6    65.2  72.7   3:45pm  58.5   1:39am    2    2  0.00   0  19  10:46am  SW 30.06   91
7    72.5  87.4   2:05pm  60.8   6:17am    1    8  0.00   1  17   9:50am SSE 30.06   82
8    72.5  88.2   2:02pm  60.8   6:49am    0    7  0.00   2  18   2:45pm   S 30.12   76
9    75.2  90.7   2:06pm  63.5   6:08am    0   10  0.00   1  20   5:38pm SSE 30.04   77
10   65.3  70.9   8:49am  55.4  11:59pm    1    2  0.00   2  25   3:47pm  NW 29.93   80
11   61.7  77.2   2:15pm  51.3   5:50am    5    3  0.00   0  16  12:50pm WNW 30.06   70
12   62.9  77.7   2:04pm  49.1   6:36am    5    3  0.00   2  24   2:44pm SSE 29.98   69
13   65.5  74.5   2:32pm  57.0   6:08am    2    3  0.00   0  12   3:15pm WSW 29.94   79
14   60.1  63.9   5:42pm  53.1  11:54pm    2    0  0.55   0  18   6:47pm   N 29.91   94
15   54.7  68.0   1:56pm  45.0   6:43am    8    0  0.00   0  12   1:14pm  NW 30.13   77
16   57.6  73.4   2:02pm  43.9   7:16am    8    2  0.00   2  24   1:35pm SSE 30.01   77
17   62.5  79.0   2:12pm  48.7   6:26am    5    3  0.00   0  17  12:50pm  SW 29.95   80
18   63.0  74.7   3:25pm  52.7   6:19am    4    2  0.00   0  15   4:50pm WSW 29.78   86
19   69.0  75.2   1:16pm  63.9  12:51am    0    4  0.47   2  18   1:24pm SSE 29.57   92
20   65.6  69.4   1:59pm  62.1  11:58pm    0    1  0.39   0  15   2:11pm   N 29.52   97
21   57.0  62.2   1:03pm  49.6  11:57pm    8    0  0.00   1  17   4:26pm SSE 29.81   79
22   50.0  61.3   1:03pm  43.3   9:56pm   15    0  0.00   2  24   1:03pm  SE 29.98   77
23   45.9  54.7  10:44am  37.4   6:39am   18    0  0.24   1  23  10:32pm SSE 30.03   87
24   47.7  60.1   2:22pm  38.1   7:25am   17    0  0.00   1  17  12:20pm WNW 30.22   75
25   53.0  60.3   2:27pm  46.8  12:40am   12    0  0.00   0  17  11:40am SSE 30.17   87
26   50.3  54.3  12:00am  47.7  10:49pm   14    0  0.08   0  15   8:23am NNE 30.00   92
27   52.8  64.4   2:27pm  44.1  11:58pm   12    0  0.04   1  17   3:07pm   N 29.92   75
28   49.8  64.4   1:55pm  36.1   6:19am   15    0  0.00   0  15   1:13pm  SW 30.10   80
29   55.7  60.6   9:49pm  51.6   5:54am    9    0  0.04   0   0  12:00am   N 30.01   95
30   65.3  75.6   4:09pm  58.5   6:50am    2    3  0.43   1  27   9:09pm SSE 29.78   91
---------------------------------------------------------------------------------------
TOT  56.4  79.0  9/17/02  36.1  9/28/02  180   71  2.60   1  27  9/30/02 SSE 29.93   85

HEAT BASE: 65.0
COOL BASE: 65.0