NOAA-Style Climate Reports


Report for 2002 August
                  MONTHLY CLIMATOLOGICAL SUMMARY FOR 8/2002
                                        HEAT  COOL        
     MEAN                               DEG   DEG       WIND SPEED       DOM MEAN  MEAN
DAY  TEMP  HIGH   TIME     LOW   TIME   DAYS  DAYS RAIN AVG  HI  TIME    DIR BAROM HUM
---------------------------------------------------------------------------------------
1    72.0  79.0   3:20pm  61.0  11:53pm    0    7  0.08   1  17   5:29pm NNE 29.80   84
2    67.3  81.0   2:50pm  55.2   5:10am    3    5  0.00   1  15  11:17am SSE 30.06   67
3    66.5  81.0   1:48pm  54.3   5:33am    3    4  0.00   1  13   7:32pm SSE 30.14   80
4    72.1  84.0   2:53pm  64.8   5:39am    0    7  0.08   0  13  12:03pm NNE 30.07   84
5    69.0  81.1   1:54pm  55.9  11:58pm    1    5  0.00   0  11  12:10pm  NW 30.20   66
6    61.6  75.0   1:59pm  49.6   6:06am    5    2  0.00   0  12   4:15pm  NW 30.33   68
7    62.2  78.1   2:04pm  48.0   6:04am    5    3  0.00   0  11   3:45pm NNW 30.31   68
8    68.9  81.9   2:07pm  59.0   4:40am    2    5  0.00   0  13  12:09pm WSW 30.26   68
9    71.6  86.7   2:10pm  58.6   5:18am    2    8  0.00   1  14  12:17pm SSE 30.12   70
10   72.4  84.6   2:42pm  61.0   6:21am    0    8  0.00   2  17   4:12pm   S 29.94   70
11   72.6  90.5   2:04pm  61.7   4:07am    1    8  0.04   2  17   4:14pm SSE 29.89   70
12   71.1  82.8   1:32pm  64.9   4:42am    0    4  0.39   1  16   4:13pm SSE 29.84   87
13   66.8  70.2   9:30am  63.5  10:49pm    0    2  0.12   0   0  12:00am   N 29.83   92
14   67.2  79.0   2:16pm  58.6   6:19am    2    4  0.00   1  15  12:14pm SSE 29.78   73
15   69.0  83.5   2:03pm  60.4   6:01am    1    5  0.04   2  22   1:00pm SSE 29.77   73
16   68.4  81.7   2:01pm  58.8   6:31am    1    5  0.00   1  22  11:17am   N 29.92   72
17   67.7  79.9   1:31pm  57.9  11:55pm    1    4  0.20   3  30   8:03am   S 29.72   72
18   62.2  75.7   2:11pm  51.1   6:06am    5    3  0.00   1  17   9:24am SSE 29.87   65
19   62.8  75.2   2:13pm  52.9   6:33am    5    3  0.00   1  15   1:35pm  NW 29.95   68
20   63.0  79.7   2:09pm  47.7   6:10am    6    4  0.00   1  16   3:14pm WSW 30.11   69
21   62.3  64.9   3:45pm  58.8   6:32am    3    0  2.44   0  14   1:22pm WSW 30.00   92
22   66.8  73.9   2:40pm  62.4  11:39pm    0    2  0.00   1  12   8:43am NNE 30.02   85
23   63.7  66.9   3:09pm  61.2   5:22am    2    0  0.08   0   0  12:00am ENE 30.01   94
24   68.3  81.0   1:08pm  59.7   2:19am    1    4  0.55   0  13  12:54pm WNW 29.92   88
25   67.7  80.8   2:08pm  55.4   6:27am    2    5  0.00   0  14  12:23pm WSW 30.00   78
26   70.2  86.4   2:03pm  58.6   6:02am    2    7  0.00   0  14   5:27pm WNW 30.04   72
27   64.2  75.2   1:27pm  56.8   6:17am    3    2  0.00   0  16   2:54pm NNE 30.25   77
28   63.9  73.9   4:25pm  55.9   3:09am    3    2  0.00   0  11   4:25pm   W 30.26   85
29   66.9  81.3   3:12pm  56.3   5:28am    3    5  0.00   0  10  11:40am  SW 30.19   80
30   65.6  80.4   2:05pm  54.3   6:15am    3    4  0.00   0  13   2:55pm WSW 30.26   76
31   68.7  81.3   2:38pm  54.0   5:44am    3    5  0.00   1  19   4:15pm WSW 30.26   73
---------------------------------------------------------------------------------------
TOT  67.2  90.5  8/11/02  47.7  8/20/02   67  131  4.02   1  30  8/17/02 WSW 30.04   76

HEAT BASE: 65.0
COOL BASE: 65.0