NOAA-Style Climate Reports


Report for 2002 July
                  MONTHLY CLIMATOLOGICAL SUMMARY FOR 7/2002
                                        HEAT  COOL        
     MEAN                               DEG   DEG       WIND SPEED       DOM MEAN  MEAN
DAY  TEMP  HIGH   TIME     LOW   TIME   DAYS  DAYS RAIN AVG  HI  TIME    DIR BAROM HUM
---------------------------------------------------------------------------------------
1    85.0  98.8   2:57pm  74.7   4:41am    0   19  0.00   1  20   3:11pm SSE 29.93   66
2    81.3  92.7   1:09pm  71.8   5:39am    0   12  0.00   1  17   8:17am SSE 29.94   69
3    77.5  87.3   5:28pm  66.7  11:58pm    0   12  0.00   0  12   4:28pm SSE 29.92   74
4    70.4  84.9   1:51pm  57.7  11:56pm    1    7  0.00   0  12   9:48am  NW 30.10   56
5    65.7  82.4   1:45pm  49.1   5:04am    4    5  0.00   0  13   2:48pm  SW 30.26   60
6    71.3  85.6   3:23pm  59.5   2:27am    1    7  0.00   1  13   2:46pm SSE 30.20   66
7    79.1  94.8   2:19pm  66.9   4:45am    0   12  0.00   1  14   3:41pm SSE 30.13   72
8    75.9  86.4   2:07pm  71.1  11:54pm    0   11  0.67   0  10   1:45pm SSE 29.99   86
9    73.5  86.2   1:49pm  60.4  11:58pm    0    9  0.00   1  14   6:03pm NNE 30.08   69
10   65.8  76.3   3:13pm  54.9   4:16am    3    3  0.00   1  13   9:46am   N 30.24   62
11   66.2  83.7   1:58pm  51.1   5:24am    4    6  0.00   1  12  10:57am WSW 30.24   59
12   67.9  87.4   2:45pm  48.6   5:22am    5    8  0.00   0  14   2:10pm NNE 30.07   58
13   72.1  90.1   2:20pm  56.3   4:33am    2    8  0.00   1  13  11:19am SSE 29.96   59
14   74.7  90.3   3:00pm  59.9   5:24am    1    9  0.00   1  13  10:31am  NW 29.96   63
15   79.3  93.4   2:04pm  67.6   5:00am    0   13  0.00   1  12   5:36pm NNE 30.00   66
16   78.0  92.8   2:29pm  65.3   5:10am    0   12  0.00   2  17  11:59am SSE 30.00   65
17   77.6  96.4   3:02pm  66.7   5:25am    0   12  0.04   1  14   2:53pm SSE 29.94   74
18   68.5  75.4   5:16pm  61.7   5:43am    0    4  0.04   0   9   1:28pm  NW 29.97   80
19   68.4  83.7   3:22pm  52.0   5:32am    3    6  0.00   0  12  10:16am   N 29.96   62
20   72.5  90.7   2:39pm  56.3   5:35am    2   10  0.00   1  14   3:15pm   S 29.95   63
21   78.9  96.6   3:12pm  68.9   7:39am    0   13  0.31   1  25   5:54pm SSE 29.79   77
22   75.4  87.4   2:08pm  60.3  11:58pm    0   10  0.00   1  17   1:23pm  NW 29.86   66
23   64.5  78.3   1:51pm  49.5   5:36am    4    4  0.00   0  13  12:00am  NW 30.22   57
24   66.2  82.0   2:02pm  53.2   5:24am    3    5  0.00   1  15   1:59pm  SW 30.23   65
25   63.5  68.5  11:13am  58.5  12:46am    2    1  1.34   0  13   1:28pm  SW 29.98   91
26   73.1  86.4   3:20pm  61.3   5:50am    1    8  0.00   0  15   1:55pm SSE 29.81   80
27   73.4  88.5   1:33pm  61.7   5:36am    0    8  0.31   0  17   7:21pm SSE 29.74   79
28   77.0  90.5   2:58pm  66.7   5:54am    0   11  0.00   0  13  11:52am SSE 29.70   79
29   74.2  85.5   3:22pm  67.3  11:58pm    0    9  0.24   1  14   3:07pm SSE 29.72   80
30   75.2  91.4   3:29pm  62.2   5:26am    0   10  0.16   1  18   8:28pm SSE 29.87   75
31   73.8  84.4   2:01pm  65.7   3:35am    0    6  0.00   0  11   2:27pm SSE 29.89   85
---------------------------------------------------------------------------------------
TOT  73.1  98.8   7/1/02  48.6  7/12/02   38  270  3.11   1  25  7/21/02 SSE 29.99   70

HEAT BASE: 65.0
COOL BASE: 65.0