NOAA-Style Climate Reports


Report for 2002 June
                  MONTHLY CLIMATOLOGICAL SUMMARY FOR 6/2002
                                        HEAT  COOL        
     MEAN                               DEG   DEG       WIND SPEED       DOM MEAN  MEAN
DAY  TEMP  HIGH   TIME     LOW   TIME   DAYS  DAYS RAIN AVG  HI  TIME    DIR BAROM HUM
---------------------------------------------------------------------------------------
1    68.6  90.7   2:01pm  50.7   4:57am    4    8  0.00   2  22   1:34pm   N 29.67   44
2    56.3  67.3   2:55pm  48.0  11:55pm    9    0  0.00   1  11   9:58am NNE 29.94   49
3    47.9  52.0   5:14pm  42.8   7:22am   15    0  0.00   0  12   4:10pm NNE 29.99   73
4     0.0  62.8   8:08pm  62.8   8:08pm    0    0  0.00   0   0   8:08pm ---  0.00    0
5    57.8  62.8   8:08pm  52.7  11:52pm    1    0  0.00   0   7   8:27pm  SW 30.02   77
6    62.5  80.2   2:32pm  45.3   5:15am    6    4  0.00   2  17   5:17pm   S 30.02   64
7    68.7  82.8   2:26pm  57.2   5:49am    2    6  0.00   3  21  10:44am SSE 29.96   56
8    67.3  73.9   1:59pm  60.8  11:56pm    0    2  0.00   0   9  12:47am SSE 29.98   78
9    67.2  80.6   3:20pm  56.5   4:55am    3    5  0.00   1  13   2:55pm WSW 30.04   74
10   70.9  89.4   2:14pm  53.2   5:36am    3    9  0.39   1  16   5:22pm   S 29.85   71
11   70.7  81.9   2:07pm  59.4  11:13pm    0    6  0.31   1  15   4:52pm  NW 29.71   82
12   60.5  68.9   4:54pm  55.0   5:04am    5    0  0.00   0  11   2:30am WNW 29.89   74
13   61.5  74.8   1:14pm  56.7   4:55am    5    1  0.79   0  15   1:13pm WSW 29.86   84
14   57.6  64.8   4:46pm  53.8  11:58pm    7    0  1.54   0   9   1:35pm  NW 29.72   92
15   58.0  70.3  11:50am  48.7   5:22am    7    0  0.08   1  17  10:16am NNE 29.70   79
16   61.9  75.0   1:02pm  49.5   5:32am    5    2  0.00   1  22   1:38pm WNW 29.78   61
17   61.3  77.2   3:15pm  47.3   5:43am    7    3  0.00   0  14   3:37pm  NW 29.88   62
18   62.0  79.3   1:56pm  45.3   5:37am    6    4  0.00   1  23   1:33pm  SW 30.04   60
19   65.4  77.4   1:46pm  50.2   4:46am    4    4  0.00   2  17  12:35pm  SW 30.03   74
20   74.8  88.2   3:21pm  63.7  11:57pm    0   10  0.00   1  15  10:31am SSE 30.12   61
21   68.0  80.4   1:04pm  60.1   3:46am    1    4  0.24   0  12  11:12am  SW 30.28   74
22   67.7  78.3   4:00pm  61.9   4:19am    1    4  0.00   0  11   4:23pm  SW 30.17   88
23   75.0  84.2   2:11pm  66.4   1:29am    0    8  2.01   0  16  10:14am SSE 30.02   79
24   76.6  88.9   3:04pm  65.8   6:00am    0   18  0.08   1  17   3:48pm SSE 30.00   76
25   78.5  92.3   2:06pm  70.0  12:38am    0   13  0.00   1  14   2:48pm SSE 29.92   71
26   73.2  85.8   3:47pm  65.3   6:15am    0    8  0.20   2  18  12:03am SSE 29.79   73
27   70.5  81.5   2:47pm  63.1   4:49am    0    6  0.00   1  13   9:49am  NW 29.83   69
28   75.3  91.8   3:23pm  59.5   5:04am    1   11  0.00   0  12  11:28am WNW 29.92   70
29   77.2  89.8   2:29pm  66.9   5:27am    0   11  0.00   2  16  11:30am SSE 30.01   69
30   80.8  95.7   1:48pm  66.7   5:17am    0   15  0.00   2  17   4:25pm SSE 29.96   70
---------------------------------------------------------------------------------------
TOT  67.0  95.7  6/30/02  42.8   6/3/02   93  164  5.63   1  23  6/18/02 SSE 29.93   71

HEAT BASE: 65.0
COOL BASE: 65.0