NOAA-Style Climate Reports


Report for 2002 May
                  MONTHLY CLIMATOLOGICAL SUMMARY FOR 5/2002
                                        HEAT  COOL        
     MEAN                               DEG   DEG       WIND SPEED       DOM MEAN  MEAN
DAY  TEMP  HIGH   TIME     LOW   TIME   DAYS  DAYS RAIN AVG  HI  TIME    DIR BAROM HUM
---------------------------------------------------------------------------------------
1    46.5  57.0   2:34pm  38.5   6:11am   18    0  0.04   0  13  10:32am SSW 29.77   62
2    41.3  52.5   1:54pm  32.4  11:59pm   23    0  0.00   2  21  11:32am  NW 29.64   54
3    44.9  61.5   2:44pm  28.8   5:30am   19    0  0.00   1  19   6:35pm   S 30.00   52
4    49.7  69.4   1:51pm  30.6   6:00am   15    0  0.00   3  26   2:39pm   S 30.03   56
5    48.4  63.1   2:13pm  30.9   5:41am   16    0  0.04   1  18   3:26pm   S 30.10   53
6    48.0  55.6   2:41pm  41.5   1:05am   17    0  0.83   0  12  11:38pm NNE 29.83   92
7    47.5  59.4   3:08pm  39.6  11:51pm   18    0  0.04   1  13   2:37pm NNE 30.10   66
8    41.2  45.1   4:15pm  36.9   3:14am   24    0  0.08   0  11   9:32am NNE 29.95   80
9     0.0  51.1  10:46am  51.1  10:46am    0    0  0.00   0   7  10:46am ---  0.00    0
10   53.0  59.9   2:12pm  36.3  11:59pm    6    0  0.00   4  23   3:44pm WNW 30.21   36
11   44.8  59.2   1:53pm  30.6   5:35am   20    0  0.00   2  30   4:39pm SSW 30.30   56
12   42.5  44.8   2:42pm  41.0   6:07am   22    0  0.20   1  12   3:56pm NNE 30.06   91
13   47.3  58.5   2:42pm  40.3  11:57pm   18    0  0.00   0  14   1:49pm WNW 29.99   73
14   47.5  59.7   2:06pm  37.6   2:06am   17    0  0.00   1  16   8:57am  NW 30.00   63
15   50.7  72.7   3:19pm  31.3   5:47am   15    1  0.08   3  26   1:56pm   S 29.87   72
16   50.4  59.2   2:23pm  37.4  11:43pm   15    0  0.00   1  15   2:58pm NNE 29.88   67
17   43.3  56.1   2:56pm  32.5  11:58pm   22    0  0.00   2  17   6:34pm NNE 30.15   47
18   41.4  58.5   2:39pm  29.7   3:11am   23    0  0.00   0  16   1:48pm   N 30.16   52
19   39.9  48.9   2:48pm  29.5   3:20am   25    0  0.00   0  12  11:52am NNE 30.26   54
20   41.8  59.7   3:45pm  25.0   5:28am   18    0  0.00   1  13  11:19am NNE 30.37   49
21   50.3  68.4   2:21pm  31.1   5:32am   15    0  0.00   1  17   3:46pm   S 30.26   48
22   56.1  73.2   2:07pm  37.6   5:37am   10    1  0.00   4  23   1:29pm   S 30.02   52
23   65.5  81.9   1:41pm  48.6  12:00am    4    5  0.00   5  22  11:33am   S 29.71   50
24   49.9  62.8   2:02pm  38.5  11:58pm   15    0  0.00   1  18  12:00am  SE 30.08   44
25   39.8  45.3   6:03pm  33.1   2:26am   25    0  0.31   0   9  11:28pm WSW 30.02   81
26   53.0  68.4  12:28pm  41.4   1:31am   12    0  0.12   1  16   1:49pm   S 29.91   87
27   60.9  69.6   5:25pm  53.6   4:59am    5    1  0.00   0  15   4:04pm   S 29.99   80
28   64.4  81.9   2:02pm  47.3   5:27am    5    5  0.00   1  17   2:18pm SSW 30.00   66
29   65.8  78.4  12:39pm  55.4   4:06am    3    4  0.04   0  13   1:16pm  SW 29.84   74
30   65.5  77.4   5:31pm  55.4   4:52am    3    3  0.08   1  16   4:30pm SSW 29.67   85
31   71.7  85.8   1:50pm  57.0   4:41am    1    8  0.00   2  20   4:33pm  NW 29.61   49
---------------------------------------------------------------------------------------
TOT  48.8  85.8  5/31/02  25.0  5/20/02  449   29  1.85   1  30  5/11/02  NW 29.96   64

HEAT BASE: 65.0
COOL BASE: 65.0