NOAA-Style Climate Reports


Report for 2002 April
                  MONTHLY CLIMATOLOGICAL SUMMARY FOR 4/2002
                                        HEAT  COOL        
     MEAN                               DEG   DEG       WIND SPEED       DOM MEAN  MEAN
DAY  TEMP  HIGH   TIME     LOW   TIME   DAYS  DAYS RAIN AVG  HI  TIME    DIR BAROM HUM
---------------------------------------------------------------------------------------
1    32.7  41.7   1:06pm  25.0   6:08am   32    0  0.00   0   7   5:26pm SSW 29.95   54
2    31.2  35.8   1:18pm  23.9  11:55pm   34    0  0.08   0   5  11:10am NNE 29.91   80
3    29.1  38.3  11:47am  20.5  11:55pm   36    0  0.00   0   7   3:44pm WNW 30.22   61
4    28.2  36.5   1:35pm  16.7   3:13am   32    0  0.00   0   4  10:57am  NW 30.39   57
5    29.1  39.0   1:03pm  20.3  11:58pm   36    0  0.00   0   8   4:40pm WNW 30.34   59
6    29.2  43.3  12:59pm  14.9   5:56am   31    0  0.00   1  16   5:32pm SSW 30.32   59
7    35.7  38.7   1:50pm  32.2   1:38am   28    0  0.24   2  22   8:07am   N 29.86   90
8    37.6  40.6   2:54pm  35.4   6:32am   27    0  0.16   0   7  11:58pm  NE 29.84   96
9    38.2  46.9   5:19pm  31.1  11:55pm   27    0  0.00   1  16  10:37am WNW 30.14   68
10   37.5  48.2   1:34pm  29.1   2:16am   26    0  0.04   0   8   1:42pm NNE 30.29   87
11   43.9  56.7   3:17pm  36.5   1:13am   21    0  0.75   0  12   3:36pm SSW 29.99   93
12   46.3  58.5   4:37pm  35.8  11:45pm   19    0  0.20   0  13  12:26pm WNW 30.02   77
13   47.6  63.9   2:25pm  32.5   4:47am   15    0  0.00   1  16   5:29pm   S 30.09   66
14   49.2  61.3  12:56pm  39.4  12:11am   16    0  0.00   1  17   1:28pm   S 29.71   76
15   59.9  79.5   2:26pm  38.5   6:28am   10    4  0.00   2  18   1:36pm   S 29.64   67
16   70.4  84.9   1:24pm  57.2   3:17am    2    7  0.00   3  28   2:29pm   S 29.71   64
17   65.6  79.2   2:00pm  46.0  11:58pm    3    4  0.00   2  22  12:06pm  SW 29.85   53
18   55.9  71.6   5:04pm  43.5   1:43am   10    1  0.67   1  22   8:42pm SSW 29.81   78
19   50.1  59.9  12:00am  37.0  11:55pm   14    0  0.00   1  17   4:40am   N 30.00   63
20   40.0  53.8   2:17pm  28.6   6:23am   23    0  0.00   1  17  12:17pm NNE 30.20   54
21   34.5  41.5  10:41am  29.7  11:30pm   30    0  0.00   1  16  10:22am NNE 30.09   59
22   36.9  48.9   5:05pm  29.3   4:54am   28    0  0.12   0  17  12:18pm WNW 30.04   63
23   40.6  55.6   2:28pm  24.8   5:25am   21    0  0.00   1  16   3:22pm   S 30.09   60
24   40.6  48.7   4:34pm  33.1   4:34am   24    0  1.46   1  22   8:41pm WNW 29.77   89
25   37.1  45.5   2:25pm  29.7  11:04pm   27    0  0.00   3  23  11:08am  NW 29.93   50
26    0.0  35.1  12:06am  35.1  12:06am    0    0  0.00   0   0  12:06am ---  0.00    0
27    0.0  35.4   9:51am  35.4   9:51am    0    0  0.00   0   9   9:54am ---  0.00    0
28   37.5  40.5  12:49pm  34.5  11:21pm   15    0  0.87   1  14  11:52am NNE 29.87   81
29   38.6  50.0   3:06pm  33.8   1:02am   26    0  0.12   0  12  10:33pm   S 29.81   86
30   44.4  57.0   3:32pm  32.9  12:52am   18    0  0.00   2  18  10:45am  NW 29.79   61
---------------------------------------------------------------------------------------
TOT  41.6  84.9  4/16/02  14.9   4/6/02  631   16  4.69   1  28  4/16/02  NW 29.99   69

HEAT BASE: 65.0
COOL BASE: 65.0