NOAA-Style Climate Reports


Report for 2002 March
                  MONTHLY CLIMATOLOGICAL SUMMARY FOR 3/2002
                                        HEAT  COOL        
     MEAN                               DEG   DEG       WIND SPEED       DOM MEAN  MEAN
DAY  TEMP  HIGH   TIME     LOW   TIME   DAYS  DAYS RAIN AVG  HI  TIME    DIR BAROM HUM
---------------------------------------------------------------------------------------
1    32.7  19.0   1:06pm  -0.4   6:08am   32    0  0.00   0  11   5:26pm SSW 29.95   54
2    31.2  19.9   1:18pm  12.0  11:55pm   34    0  0.05   0  30  11:10am NNE 29.91   80
3    29.1  12.2  11:47am  -5.1  11:55pm   36    0  0.00   0  32   3:44pm WNW 30.22   61
4    28.2  15.1   1:35pm  -8.0   3:13am   32    0  0.00   0  10  10:57am  NW 30.39   57
5    29.1  25.0   1:03pm  -0.9  11:58pm   36    0  0.00   0  23   4:40pm WNW 30.34   59
6    29.2  26.1  12:59pm  10.0   5:56am   31    0  0.00   1  11   5:32pm SSW 30.32   59
7    35.7  24.1   1:50pm  -0.0   1:38am   28    0  0.01   2  17   8:07am   N 29.86   90
8    37.6  38.9   2:54pm  19.4   6:32am   27    0  1.06   0  17  11:58pm  NE 29.84   96
9    38.2  37.4   5:19pm  12.0  11:55pm   27    0  0.65   1  43  10:37am WNW 30.14   68
10   37.5  19.9   1:34pm   6.1   2:16am   26    0  0.00   0  36   1:42pm NNE 30.29   87
11   43.9  32.0   3:17pm  12.0   1:13am   21    0  0.05   0  10   3:36pm SSW 29.99   93
12   46.3  39.9   4:37pm   6.8  11:45pm   19    0  0.00   0  18  12:26pm WNW 30.02   77
13   47.6  42.8   2:25pm  25.0   4:47am   15    0  0.00   1  24   5:29pm   S 30.09   66
14   49.2  28.4  12:56pm  19.9  12:11am   16    0  0.56   1  23   1:28pm   S 29.71   76
15   59.9  30.9   2:26pm  12.0   6:28am   10    4  0.16   2  28   1:36pm   S 29.64   67
16   70.4  39.0   1:24pm  -0.0   3:17am    2    7  0.00   3   7   2:29pm   S 29.71   64
17   65.6  37.0   2:00pm   9.0  11:58pm    3    4  0.02   2  18  12:06pm  SW 29.85   53
18   55.9  43.0   5:04pm  26.6   1:43am   10    1  0.02   1   8   8:42pm SSW 29.81   78
19   50.1  36.0  12:00am  26.1  11:55pm   14    0  0.03   1  11   4:40am   N 30.00   63
20   40.0  33.1   2:17pm  16.0   6:23am   23    0  0.14   1  17  12:17pm NNE 30.20   54
21   34.5  16.0  10:41am   8.1  11:30pm   30    0  0.00   1  32  10:22am NNE 30.09   59
22   36.9  26.1   5:05pm   7.0   4:54am   28    0  0.00   0  25  12:18pm WNW 30.04   63
23   21.2  25.9   7:25pm  16.3  11:59pm    6    0  0.00   0  25   7:25pm   N 28.97   55
24   18.4  29.7  12:23pm   8.6  11:53pm   47    0  0.00   0   9  12:49pm  NW 29.18   48
25   21.3  34.2   3:57pm   7.5  12:50am   44    0  0.00   0   6  12:09pm NNE 29.43   50
26   26.1  41.0   1:15pm  11.5   5:28am   27    0  0.00   0   6  12:50pm NNE 29.25   61
27   30.1  46.2   1:16pm  13.8   6:14am   35    0  0.00   0   7   1:37pm   S 29.13   60
28   32.6  39.9   4:17pm  25.7   3:32am   30    0  0.12   0   9   7:40am SSW 28.80   86
29   39.1  53.4   1:28pm  28.2   3:55am   13    0  0.00   1   7   2:19pm   N 29.01   64
30   36.9  47.8  12:43pm  31.1   1:47am   26    0  0.00   0  11   3:12pm WSW 29.77   62
31   33.4  39.7  11:21am  27.9   4:10am   30    0  0.00   0   8  12:56pm  NE 29.89   62
---------------------------------------------------------------------------------------
TOT  28.9  53.4  3/29/02   7.5  3/25/02  258    0  0.12   0  11  3/30/02  NE 29.31   61

HEAT BASE: 65.0
COOL BASE: 65.0