NOAA-Style Climate Reports


Report for 2002 January
                  MONTHLY CLIMATOLOGICAL SUMMARY FOR 1/2002
                                        HEAT  COOL        
     MEAN                               DEG   DEG       WIND SPEED       DOM MEAN  MEAN
DAY  TEMP  HIGH   TIME     LOW   TIME   DAYS  DAYS RAIN AVG  HI  TIME    DIR BAROM HUM
---------------------------------------------------------------------------------------
1    32.7  24.8   1:06pm   8.6   6:08am   32    0  0.00   0   9   5:26pm SSW 29.95   54
2    31.2  27.0   1:18pm   7.0  11:55pm   34    0  0.00   0  13  11:10am NNE 29.91   80
3    29.1  28.9  11:47am   1.0  11:55pm   36    0  0.00   0   9   3:44pm WNW 30.22   61
4    28.2  30.2   1:35pm  17.6   3:13am   32    0  0.00   0  10  10:57am  NW 30.39   57
5    29.1  35.2   1:03pm  21.2  11:58pm   36    0  0.00   0   8   4:40pm WNW 30.34   59
6    29.2  33.8  12:59pm  15.8   5:56am   31    0  0.00   1  21   5:32pm SSW 30.32   59
7    35.7  30.2   1:50pm  10.4   1:38am   28    0  0.00   2  22   8:07am   N 29.86   90
8    37.6  39.2   2:54pm  17.6   6:32am   27    0  0.00   0  18  11:58pm  NE 29.84   96
9    38.2  50.0   5:19pm  17.1  11:55pm   27    0  0.00   1  29  10:37am WNW 30.14   68
10   37.5  41.0   1:34pm  33.8   2:16am   26    0  0.00   0  21   1:42pm NNE 30.29   87
11   43.9  41.0   3:17pm  25.0   1:13am   21    0  0.00   0  24   3:36pm SSW 29.99   93
12   46.3  41.0   4:37pm  21.9  11:45pm   19    0  0.00   0  31  12:26pm WNW 30.02   77
13   47.6  31.1   2:25pm  21.0   4:47am   15    0  0.00   1  15   5:29pm   S 30.09   66
14   49.2  26.6  12:56pm  17.6  12:11am   16    0  0.00   1  10   1:28pm   S 29.71   76
15   59.9  28.9   2:26pm  18.0   6:28am   10    4  0.00   2  14   1:36pm   S 29.64   67
16   70.4  26.6   1:24pm  19.4   3:17am    2    7  0.00   3   8   2:29pm   S 29.71   64
17   65.6  23.0   2:00pm   3.0  11:58pm    3    4  0.00   2  21  12:06pm  SW 29.85   53
18   55.9  15.8   5:04pm   1.4   1:43am   10    1  0.00   1  13   8:42pm SSW 29.81   78
19   50.1  24.8  12:00am   1.4  11:55pm   14    0  0.00   1  27   4:40am   N 30.00   63
20   40.0  26.6   2:17pm  17.6   6:23am   23    0  0.00   1  14  12:17pm NNE 30.20   54
21   34.5  30.0  10:41am  17.1  11:30pm   30    0  0.00   1  11  10:22am NNE 30.09   59
22   36.9  39.9   5:05pm   5.0   4:54am   28    0  0.00   0  11  12:18pm WNW 30.04   63
23   40.6  37.4   2:28pm  21.2   5:25am   21    0  0.00   1  15   3:22pm   S 30.09   60
24   40.6  30.2   4:34pm  17.6   4:34am   24    0  0.00   1  14   8:41pm WNW 29.77   89
25   37.1  46.0   2:25pm  18.0  11:04pm   27    0  0.00   3  24  11:08am  NW 29.93   50
26    0.0  46.0  12:06am  19.9  12:06am    0    0  0.00   0  21  12:06am ---  0.00    0
27    0.0  42.1   9:51am  26.1   9:51am    0    0  0.00   0   6   9:54am ---  0.00    0
28   37.5  30.9  12:49pm  21.0  11:21pm   15    0  0.00   1  18  11:52am NNE 29.87   81
29   38.6  19.4   3:06pm  15.8   1:02am   26    0  0.00   0  13  10:33pm   S 29.81   86
30   44.4  23.0   3:32pm  15.8  12:52am   18    0  0.00   2   6  10:45am  NW 29.79   61
31   44.4  24.1   3:32pm  14.0  12:52am   18    0  0.00   2  10  10:45am  NW 29.79   61
---------------------------------------------------------------------------------------
TOT  41.6  84.9  1/16/02  14.9   1/6/02  631   16  4.69   1  28  1/16/02  NW 29.99   69

HEAT BASE: 65.0
COOL BASE: 65.0